22)/(-497))/((-2)/(-7)) a composite number?
False
Let m(k) = k**2 - 8*k - 4. Let v(j) = j**2 - 8*j + 21. Let u be v(6). Let o be m(u). Suppose 5951 = o*w - 4*d, -d + 5956 = 2*w + 3*w. Is w composite?
True
Let z(n) = n**3 - 3*n**2 - 25*n - 16. Let k be z(7). Suppose 3*v - 883 = k*y, 10*y - 7*y + 297 = v. Is v a prime number?
False
Let p be (-6)/(-14) - ((-106)/14 + 4). Suppose 0 = p*r - 10039 - 24213. Is r a prime number?
True
Suppose -24 = -5*a + 4*s, 2*s = 3*a + 2*a - 22. Suppose 4*y - 20511 = -5*g, 3*y = -a*g - g + 15382. Is y composite?
True
Let i be 360/96*(-8)/(-6). Let x(r) = 13*r**3 - 2*r**2 - 18*r - 4. Is x(i) a prime number?
True
Let m(r) = 2178*r + 325. Is m(6) prime?
False
Is (293036/(-4))/(1/(-7)) composite?
True
Suppose 207*w - 332 = 203*w. Let b(c) = -82*c + w*c - 719*c - 10 + 39. Is b(-4) a composite number?
True
Let d = 673 + -704. Is d/((-6)/3*(-1)/(-2)) a composite number?
False
Let p(b) = 4*b + 26. Let k be (-13)/4 - (15/(-4))/15. Is p(k) composite?
True
Is (((-2667224)/(-21))/4)/((-12)/(-18)) a prime number?
True
Let o(l) = 14*l + 60. Let i be o(-4). Suppose -3*c = -2*c - i, 0 = -4*y + 4*c + 5572. Is y prime?
False
Let w(s) = -95*s + 102*s - 2 - 7 + 138*s**2. Is w(4) a composite number?
True
Suppose t - 200577 = -5*h, 3*t + 130687 = 2*h + 732384. Is t composite?
True
Is (524504 + 2)*-1*246/(-492) a prime number?
True
Suppose -283*b + 124189512 = -85987352 + 38165785. Is b prime?
True
Suppose -p - 2*p + 6 = 0. Let v(c) = 135*c + p + 88*c + 1 - 1. Is v(3) a prime number?
False
Let z = -56474 - -88885. Is z prime?
True
Let n = -450534 + 720855. Is n a composite number?
True
Suppose 9*j - 64 = 35. Suppose 0*v + 165 = j*v. Is 4/((-20)/v) + 194 a composite number?
False
Is ((-125161)/4)/(2/(-8)) prime?
False
Suppose -14*h + 10*h - 31440 = 0. Let k = -3033 - h. Let y = k + -3158. Is y a composite number?
False
Let k(w) = w**3 - 4*w**2 - 2*w - 10. Let q = -61 + 66. Let z be k(q). Is ((-15)/(-6))/z - 673/(-2) a prime number?
True
Let j = 1000 + 187. Suppose -y - 2*w = -j, 15 = -9*w + 4*w. Is y a prime number?
True
Let w(u) = u**3 - 7*u**2 - 6*u. Let s be w(8). Suppose s = 7*g + g. Is (-4 - (2 - g)) + 38 a composite number?
True
Let x(u) = 7*u**2 - 32*u + 11. Let k be x(-23). Suppose 1594 = 4*c - k. Is c composite?
False
Let k = 39 - 39. Suppose k - 7 = -o. Is 4951/o - 4/14 a composite number?
True
Let p = -385 - -387. Suppose 4*r = 5*w - 6701, -p*r + 3*r - 5344 = -4*w. Is w a prime number?
False
Let w(s) = 31*s + 38. Let v be w(17). Suppose 0 = -2*i - 173 + v. Let l = i + 851. Is l prime?
False
Suppose i + o - 124635 = 0, -283*i - 2*o = -286*i + 373895. Is i a composite number?
False
Suppose -8*s + 4278 = 18510. Let d = 3772 + s. Is d a composite number?
False
Let p = -61364 + 105715. Is p a composite number?
False
Let w be 11199 - ((-18)/(-6) + 2). Let n = -6275 + w. Is n a composite number?
False
Let x be (-352)/(-20) - (-3)/(-5). Suppose -20*z - x*z = -1468345. Is z prime?
False
Let d(m) = m - 61. Let z(v) = 3*v + 2*v + 4 + 118 - 6*v. Let c(k) = -13*d(k) - 6*z(k). Is c(-18) a composite number?
True
Let a(h) = -9*h + 3. Let k be a(-1). Suppose 0 + k = 4*w. Suppose 2*p = -w*x + 13769, -14917 - 8058 = -5*x + 2*p. Is x a prime number?
False
Let t(x) = -x**3 + 2*x - 14049. Suppose 0 = -4*m + 5*m - 2*a + 4, 2*m + 4*a = 8. Let l be t(m). Is (-1)/(l/(-3513) - 4) prime?
True
Let m(k) = -5*k + 8. Let b be (-5 + 7)*14/4. Let w be m(b). Is (-3436)/(-18) - 3/w a composite number?
False
Let n = -882 - -849. Is 797563/104 - (4 + n/8) composite?
False
Let m(j) = 21*j**2 + 10*j + 17. Let t be m(-2). Let n = t - -622. Is n a prime number?
False
Let c(v) = 82*v - 51. Let y(i) be the first derivative of 81*i**2/2 - 50*i - 46. Let u(s) = -5*c(s) + 6*y(s). Is u(5) prime?
False
Let y = -330 - -126. Let d be 1/((15/y)/(-5)). Let w = 101 - d. Is w a prime number?
False
Suppose 2*m + 13 = 3*c, 0 = -3*m - 4*c - 46 - 16. Let s = m - -24. Suppose 8*i = s*i - 106. Is i prime?
True
Suppose 3*c - 4 = 2. Let f(s) = 9 + 24*s**c - 6*s - 9*s + 26*s - 10*s. Is f(-4) composite?
False
Is 446*(-1762)/(-36) + 50/18 + -3 a composite number?
True
Suppose 2*c = 0, -2*t - 5*c + 788 + 3534 = 0. Is t a composite number?
False
Is -7 + (-12)/(-4) + (24762 - -5) a prime number?
True
Let h = 33 + -15. Let b = h - 14. Suppose b*t = -3*d + 3333, -5*d - 2*t + 913 = -4656. Is d a composite number?
True
Let m = -55736 - -189587. Is m prime?
False
Let q be 3*(-7)/3 + (12 - 0). Let z = -2 + 5. Suppose 5*m = -z - 7, -1283 = -3*c - q*m. Is c a prime number?
True
Let c be 6/((-25)/(-10) - 3/6). Suppose 2*p + c*r - 11903 = 0, -4*p - 10*r + 23815 = -13*r. Is p composite?
False
Suppose -54*m + 1792386 = 32*m - 175036. Is m prime?
True
Let h(x) = -423*x + 12. Let l be (-14 + 0 + 2)*(-1)/3. Let u be h(l). Let a = u - -2851. Is a a prime number?
True
Let y(f) = -f**2 + 7*f + 31. Let j be y(10). Let i(w) = 3*w**2 + w - 1. Let c be i(j). Suppose -705 = -3*q + 4*p + 640, -c*q + 1313 = 4*p. Is q prime?
True
Suppose 17*o - 14*o - 1622302 = -4*r, r - 405581 = 2*o. Is r a prime number?
True
Let y(o) = o**2 + 8*o + 3. Let r be y(-4). Is 6 - 160995/(-65) - 2/r composite?
True
Suppose 60 = 68*p - 48*p. Suppose -8826 = -3*x - 5*k, -6*k + p*k = 9. Is x composite?
True
Let l be 18*(7/21 - 0/(-2)). Let q(n) = -791*n - 30. Let g(o) = 793*o + 30. Let y(b) = l*q(b) + 5*g(b). Is y(-7) a composite number?
False
Let s = -23 + 34. Suppose s*v = 10*v - 7. Is (-158)/((-5)/v + -1) composite?
True
Let r(m) = 14 + 0*m**2 + m**2 - 7*m + 7*m. Let l(z) = z**2 - z + 14. Let i(c) = -2*l(c) + 3*r(c). Is i(9) a composite number?
False
Let p(l) = -l**3 + l**2 + 28380. Let o be p(0). Let a = o + -18869. Is a a composite number?
False
Let r(w) = 15*w**2 + 77*w - 1523. Is r(83) a composite number?
False
Suppose j - 325 = 3*t, -5*j + 3*t - 113 = -1762. Let z = j - -226. Is z composite?
False
Suppose -4*i - 33 = -3*z, i = z - 2*z + 4. Is (z/21)/((-2)/(-3738)) a composite number?
True
Let x = 432 - 7. Suppose x - 2310 = -5*l. Is l a prime number?
False
Suppose 0*n + n = 3*y - 1, 5*y = 0. Let s be ((-3)/9)/(n - 8/(-9)). Suppose 3*k + 2*f - 661 = 0, 5*k + s*f - 1404 = -301. Is k prime?
True
Let h = -2097 + 597. Let t = -767 - -136. Let k = t - h. Is k a composite number?
True
Suppose -12 = 3*o - 3. Let c(t) = t**3 + 4*t**2 - 1. Let v be c(o). Suppose -v*p = 2*p - 890. Is p composite?
False
Let h be (-13)/(-4) + (3 - (-39)/(-12)). Suppose -4*c + 4*f = -4620, h*c + 2*f - 2318 = c. Is c a composite number?
True
Suppose -2*x + x + 52 = 0. Let v be (-1 - 8/(-3))/((-28)/26040*-10). Let i = v - x. Is i a prime number?
True
Suppose i = 2*u + 614779, -4*u + 426354 = 5*i - 2647527. Is i composite?
True
Is 260922 + 15 + -14 - 2 a prime number?
True
Is ((-34565006)/(-28) - 4/(-8)) + -2 a composite number?
False
Let s = 16575 - 2689. Suppose 46149 = 5*g - s. Is g prime?
True
Let d(l) = 11. Let a(q) = 3*q - 9. Let u(p) = -3*a(p) - 2*d(p). Let t(f) = -f - 3. Let s be t(5). Is u(s) a composite number?
True
Suppose 5*d + 2*i - 4192 = i, -2510 = -3*d + 2*i. Suppose v + 1752 = 2*s, -s + d = -4*v - 52. Suppose 4*r = p + 1748, 0 = -4*r + 2*r + 3*p + s. Is r composite?
True
Suppose -4*r + 56 = -2*s, -4*s = s + 2*r + 152. Let f = s + 35. Let j(z) = 15*z - 29. Is j(f) a prime number?
False
Suppose 2*m - 2*d - 173 = -11, 0 = 3*m - 2*d - 239. Let x = -48 + m. Suppose 26*o = x*o - 555. Is o a composite number?
True
Let p = -116 + 166. Let x = -52 + p. Let u(o) = -33*o - 8. Is u(x) prime?
False
Suppose -396266 = 87*q - 88*q - a, 5*q = -a + 1981350. Is q composite?
True
Let z(m) be the first derivative of -m**3/3 + 3*m**2/2 + 1192*m + 39. Let t be z(0). Suppose j = 4*u - t, 3*u + 578 = 5*u - 5*j. Is u prime?
False
Suppose 753787 + 348072 = 11*w. Is w composite?
False
Let q = -60114 - -202615. Is q composite?
False
Let v(j) = -j**2 - 3*j + 7. Let l be v(-4). Let p = -15 - -18. Suppose l*y - 155 = -2*f, p*f - 44 = -y + 3. Is y composite?
False
Is ((-7)/((-105)/27) - 44/55)*778951 composite?
False
Let u(j) = 216*j**2 + 7*j. Let i be u(-3). Let h = i - -11368. Is h a composite number?
False
Let x(p) = 3*p**2 - 2*p + 7. Suppose 2 - 22 = -4*g. Let a be x(g). Suppose -2*s + 254 = -a. Is s prime?
True
Suppose 0 = -4*q + 2*v - 42, 0 = -5*q + v - 34 - 20. Is 6752 - (106